{"id":8445,"date":"2016-12-01T15:36:03","date_gmt":"2016-12-01T15:36:03","guid":{"rendered":"http:\/\/euinfo.rs\/plac2\/?page_id=8445"},"modified":"2018-02-24T14:58:06","modified_gmt":"2018-02-24T13:58:06","slug":"poglavlje-6-pravo-privrednih-drustava","status":"publish","type":"page","link":"http:\/\/euinfo.rs\/plac2\/eu-poglavlja\/poglavlje-6-pravo-privrednih-drustava\/","title":{"rendered":"Poglavlje 6 &#8211; Pravo privrednih dru\u0161tava"},"content":{"rendered":"<p><div class=\"box box4\"><em>Izvor: <a href=\"http:\/\/kurs-pregovori.mei.gov.rs\/\" target=\"_blank\" rel=\"external nofollow\" target=\"_blank\" rel=\"noopener\" >Vodi\u010d kroz pregovore Srbije i Evropske unije<\/a>, <a href=\"http:\/\/www.seio.gov.rs\/%D0%BF%D0%BE%D1%87%D0%B5%D1%82%D0%BD%D0%B0.1.html\" target=\"_blank\" rel=\"external nofollow\" target=\"_blank\" rel=\"noopener\" >Ministarstvo za evropske integracije Vlade Republike Srbije<\/a><\/em><\/div><\/p>\n<h3>TEME POGLAVLJA I PREGOVORA<\/h3>\n<p>U okviru ovog poglavlja razmatraju se pitanja u vezi s osnivanjem i obavljanjem delatnosti privrednih dru\u0161tava u dr\u017eavama \u010dlanicama EU, pri \u010demu su ure\u0111ena pravila o osnivanju, registraciji, obavljanju delatnosti, doma\u0107em i prekograni\u010dnom spajanju i podeli privrednih dru\u0161tava. Istovremeno, ovim poglavljem obuhva\u0107ena su i pitanja ra\u010dunovodstva i revizije, \u0161to se odnosi i na pravila o uspostavljanju sistema provere kvaliteta rada revizorske struke, efikasnog sistema javnog nadzora, kao i sistema objavljivanja godi\u0161njih finansijskih izve\u0161taja.<\/p>\n<p>Pravne tekovine EU u oblasti prava privrednih dru\u0161tava ure\u0111uju pitanja u vezi s obavezom privrednih dru\u0161tava da objavljuju dokumenta i podatke; osnivanjem, spajanjem i podelom javnih dru\u0161tava s ograni\u010denom odgovorno\u0161\u0107u; prekograni\u010dnim spajanjem dru\u0161tava s ograni\u010denom odgovorno\u0161\u0107u; obavezom obelodanjivanja podataka koji se odnose na ogranke koje su u dr\u017eavi \u010dlanici osnovale neke vrste dru\u0161tava; jedno\u010dlanim privatnim dru\u0161tvima s ograni\u010denom odgovorno\u0161\u0107u; ponudama za preuzimanje; ostvarivanjem nekih prava akcionara u dru\u0161tvima koja su kotirana na berzi i Statutom Evropske kompanije.<\/p>\n<p>U oblasti finansijskog izve\u0161tavanja pravne tekovine EU utvr\u0111uju pravila za predstavljanje godi\u0161njih i konsolidovanih finansijskih izve\u0161taja, uklju\u010duju\u0107i tu i pojednostavljena pravila za mala i srednja preduze\u0107a. Posebna ra\u010dunovodstvena pravila primenjuju se u oblasti bankarstva i osiguranja. Primena me\u0111unarodnih ra\u010dunovodstvenih standarda (IAS \u2013 International Accounting Standards) obavezna je za odre\u0111ena tela od javnog zna\u010daja. Osim toga, pravne tekovine EU uspostavljaju pravila za odobravanje, profesionalan integritet i nezavisnost revizora imenovanih na osnovu zakona.<\/p>\n<h3>INSTITUCIJE KOJE U\u010cESTVUJU U PREGOVARA\u010cKOJ GRUPI ZA PRAVO PRIVREDNIH DRU\u0160TAVA<\/h3>\n<p>Pregovara\u010dku grupu za pravo privrednih dru\u0161tava predvode predsednik, zamenik predsednika, sekretar i zamenik sekretara pregovara\u010dke grupe, a koji se imenuju iz Ministarstva privrede.<\/p>\n<p>\u010clanovi pregovara\u010dke grupe su predstavnici slede\u0107ih organa i organizacija: Ministarstva finansija, Ministarstva spoljne i unutra\u0161nje trgovine i telekomunikacija, Ministarstva odbrane, Agencije za privredne registre, Komisije za hartije od vrednosti, Nacionalne agencije za regionalni razvoj, Narodne banke Srbije, Republi\u010dkog sekretarijata za zakonodavstvo i Kancelarije za evropske integracije.<\/p>\n<h3>KOJA JE KORIST ZA SRBIJU I KOJE REZULTATE TIME POSTI\u017dEMO?<\/h3>\n<p>Uskla\u0111ivanjem zakonodavstva s pravnom tekovinom EU u oblasti prava privrednih dru\u0161tava, izme\u0111u ostalog, stvaraju se poslovni uslovi koji \u0107e doma\u0107im privrednim subjektima omogu\u0107iti konkurentnost i jednak tretman na tr\u017ei\u0161tu Evropske unije. Istovremeno, na taj na\u010din dodatno se potvr\u0111uje pravna sigurnost, koja je neophodan preduslov za uspe\u0161no poslovanje i za investicije.<br \/>\n<div class=\"box box4\"><ul>\n<li>Eksplanatorni skrining za Poglavlje 6 odr\u017ean je 11. decembra 2014. godine.<\/li>\n<li>Bilateralni skrining za Poglavlje 6 odr\u017ean je 5. februara 2015. godine.<\/li>\n<\/ul><\/div><\/p>","protected":false},"excerpt":{"rendered":"<p>TEME POGLAVLJA I PREGOVORA U okviru ovog poglavlja razmatraju se pitanja u vezi s osnivanjem i obavljanjem delatnosti privrednih dru\u0161tava u dr\u017eavama \u010dlanicama EU, pri \u010demu su ure\u0111ena pravila o osnivanju, registraciji, obavljanju delatnosti, doma\u0107em i prekograni\u010dnom spajanju i podeli privrednih dru\u0161tava. Istovremeno, ovim poglavljem obuhva\u0107ena su i pitanja ra\u010dunovodstva i revizije, \u0161to se odnosi [&hellip;]<\/p>\n","protected":false},"author":3,"featured_media":0,"parent":8442,"menu_order":0,"comment_status":"closed","ping_status":"closed","template":"","meta":[],"tags":[],"_links":{"self":[{"href":"http:\/\/euinfo.rs\/plac2\/wp-json\/wp\/v2\/pages\/8445"}],"collection":[{"href":"http:\/\/euinfo.rs\/plac2\/wp-json\/wp\/v2\/pages"}],"about":[{"href":"http:\/\/euinfo.rs\/plac2\/wp-json\/wp\/v2\/types\/page"}],"author":[{"embeddable":true,"href":"http:\/\/euinfo.rs\/plac2\/wp-json\/wp\/v2\/users\/3"}],"replies":[{"embeddable":true,"href":"http:\/\/euinfo.rs\/plac2\/wp-json\/wp\/v2\/comments?post=8445"}],"version-history":[{"count":0,"href":"http:\/\/euinfo.rs\/plac2\/wp-json\/wp\/v2\/pages\/8445\/revisions"}],"up":[{"embeddable":true,"href":"http:\/\/euinfo.rs\/plac2\/wp-json\/wp\/v2\/pages\/8442"}],"wp:attachment":[{"href":"http:\/\/euinfo.rs\/plac2\/wp-json\/wp\/v2\/media?parent=8445"}],"wp:term":[{"taxonomy":"post_tag","embeddable":true,"href":"http:\/\/euinfo.rs\/plac2\/wp-json\/wp\/v2\/tags?post=8445"}],"curies":[{"name":"wp","href":"https:\/\/api.w.org\/{rel}","templated":true}]}}