{"id":8105,"date":"2014-01-09T08:00:05","date_gmt":"2014-01-09T08:00:05","guid":{"rendered":"http:\/\/labs.saurabh-sharma.net\/themes\/newsplus\/wp\/activity\/"},"modified":"2017-07-17T09:35:40","modified_gmt":"2017-07-17T08:35:40","slug":"o-projektu","status":"publish","type":"page","link":"http:\/\/euinfo.rs\/plac2\/o-projektu\/","title":{"rendered":"O projektu"},"content":{"rendered":"<p><\/p>\n<h3><img loading=\"lazy\" class=\"alignleft wp-image-8525 size-medium\" src=\"http:\/\/euinfo.rs\/plac2\/wp-content\/uploads\/2014\/01\/pravna-podrska-plac-300x200.jpg\" width=\"300\" height=\"200\" srcset=\"http:\/\/euinfo.rs\/plac2\/wp-content\/uploads\/2014\/01\/pravna-podrska-plac-300x200.jpg 300w, http:\/\/euinfo.rs\/plac2\/wp-content\/uploads\/2014\/01\/pravna-podrska-plac-540x360.jpg 540w, http:\/\/euinfo.rs\/plac2\/wp-content\/uploads\/2014\/01\/pravna-podrska-plac-338x225.jpg 338w, http:\/\/euinfo.rs\/plac2\/wp-content\/uploads\/2014\/01\/pravna-podrska-plac-180x120.jpg 180w, http:\/\/euinfo.rs\/plac2\/wp-content\/uploads\/2014\/01\/pravna-podrska-plac.jpg 600w\" sizes=\"(max-width: 300px) 100vw, 300px\" \/>Podr\u0161ka pristupnim pregovorima<\/h3>\n<p>Kroz projekat Pravna podr\u0161ka pregovorima (PLAC II) Evropska unija poma\u017ee Srbiji da:<\/p>\n<p>\u00bb Pobolj\u0161a uskla\u0111enost doma\u0107eg zakonodavstva sa pravnim tekovinama EU i sprovo\u0111enje pravnih akata<\/p>\n<p>\u00bb Unapredi kapacitete relevantnih institucija za uspe\u0161no vo\u0111enje pristupnih pregovora.<\/p>\n<p>Glavni korisnici su Ministarstvo za evropske integracije i Pregovara\u010dki tim za vo\u0111enje pregovora o pristupanju Srbije Evropskoj uniji. Va\u017eni korisnici projekta uklju\u010duju resorna ministarstva i institucije zadu\u017eene za uskla\u0111ivanje zakonodavstva u odre\u0111enim oblastima.<\/p>\n<p>Aktivnosti projekta prevashodno obuhvataju oblasti u okviru slede\u0107ih 10 poglavlja:<\/p>\n<ul>\n<li>Poglavlje 3 &#8211; Pravo poslovnog nastanjivanja i sloboda pru\u017eanja usluga<\/li>\n<li>Poglavlje 4 &#8211; Sloboda kretanja kapitala<\/li>\n<li>Poglavlje 6 &#8211; Pravo privrednih dru\u0161tava<\/li>\n<li>Poglavlje 9 &#8211; Finansijske usluge<\/li>\n<li>Poglavlje 11 &#8211; Poljoprivreda i ruralni razvoj<\/li>\n<li>Poglavlje 12 &#8211; Bezbednost hrane, veterinarska i fitosanitarna politika<\/li>\n<li>Poglavlje 15 &#8211; Energetika<\/li>\n<li>Poglavlje 24 &#8211; Pitanja pravde, slobode i bezbednosti<\/li>\n<li>Poglavlje 27 &#8211; \u017divotna sredina<\/li>\n<li>Poglavlje 28 &#8211; Za\u0161tita potro\u0161a\u010da i za\u0161tita zdravlja<\/li>\n<\/ul>\n<p>Kako bi se odgovorilo na potrebe korisnika, aktivnosti projekta \u0107e uklju\u010diti i druga poglavlja.<\/p>\n<p>Projekat, vredan 2,6 miliona evra, otpo\u010deo je u junu 2016. godine, traja\u0107e 30 meseci i sprovodi ga konzorcijum koji predvodi Altair Asesores i koji \u010dine IRZ, European Profiles, Eurosupport i Eptisa.<\/p>\n<p>&nbsp;<\/p>","protected":false},"excerpt":{"rendered":"<p>Podr\u0161ka pristupnim pregovorima Kroz projekat Pravna podr\u0161ka pregovorima (PLAC II) Evropska unija poma\u017ee Srbiji da: \u00bb Pobolj\u0161a uskla\u0111enost doma\u0107eg zakonodavstva sa pravnim tekovinama EU i sprovo\u0111enje pravnih akata \u00bb Unapredi kapacitete relevantnih institucija za uspe\u0161no vo\u0111enje pristupnih pregovora. Glavni korisnici su Ministarstvo za evropske integracije i Pregovara\u010dki tim za vo\u0111enje pregovora o pristupanju Srbije Evropskoj [&hellip;]<\/p>\n","protected":false},"author":3,"featured_media":0,"parent":0,"menu_order":0,"comment_status":"closed","ping_status":"closed","template":"","meta":[],"tags":[],"_links":{"self":[{"href":"http:\/\/euinfo.rs\/plac2\/wp-json\/wp\/v2\/pages\/8105"}],"collection":[{"href":"http:\/\/euinfo.rs\/plac2\/wp-json\/wp\/v2\/pages"}],"about":[{"href":"http:\/\/euinfo.rs\/plac2\/wp-json\/wp\/v2\/types\/page"}],"author":[{"embeddable":true,"href":"http:\/\/euinfo.rs\/plac2\/wp-json\/wp\/v2\/users\/3"}],"replies":[{"embeddable":true,"href":"http:\/\/euinfo.rs\/plac2\/wp-json\/wp\/v2\/comments?post=8105"}],"version-history":[{"count":1,"href":"http:\/\/euinfo.rs\/plac2\/wp-json\/wp\/v2\/pages\/8105\/revisions"}],"predecessor-version":[{"id":8348,"href":"http:\/\/euinfo.rs\/plac2\/wp-json\/wp\/v2\/pages\/8105\/revisions\/8348"}],"wp:attachment":[{"href":"http:\/\/euinfo.rs\/plac2\/wp-json\/wp\/v2\/media?parent=8105"}],"wp:term":[{"taxonomy":"post_tag","embeddable":true,"href":"http:\/\/euinfo.rs\/plac2\/wp-json\/wp\/v2\/tags?post=8105"}],"curies":[{"name":"wp","href":"https:\/\/api.w.org\/{rel}","templated":true}]}}